{"id":3,"date":"2020-10-20T07:14:26","date_gmt":"2020-10-20T07:14:26","guid":{"rendered":"https:\/\/hsmechanik.ch\/?page_id=3"},"modified":"2026-02-19T06:35:07","modified_gmt":"2026-02-19T06:35:07","slug":"privacy-policy","status":"publish","type":"page","link":"https:\/\/hsmechanik.ch\/index.php\/privacy-policy\/","title":{"rendered":"Privacy Policy"},"content":{"rendered":"<h1 id=\"top\">Datenschutzerkl\u00e4rung<\/h1>\n<p>Mit dieser Datenschutzerkl\u00e4rung informieren wir \u00fcber die Bearbeitung von Personendaten im Zusammenhang mit unserer <strong>hsmechanik.ch-Website<\/strong> und unserem sonstigen Online-Angebot.<\/p>\n<p>F\u00fcr einzelne oder zus\u00e4tzliche Angebote und Leistungen k\u00f6nnen besondere, erg\u00e4nzende oder weitere Datenschutzerkl\u00e4rungen sowie sonstige rechtliche Dokumente wie Allgemeine Gesch\u00e4ftsbedingungen (AGB), Nutzungsbedingungen oder Teilnahmebedingungen bestehen.<\/p>\n<h2 id=\"kontaktadressen\">1. Kontaktadressen<\/h2>\n<p>Verantwortung f\u00fcr das Online-Angebot:<\/p>\n<p>hs mechanik ag<br \/>\nBeierhalden 1<br \/>\n9225 Wilen (Gottshaus)<br \/>\nTel. 079 642 91 28<\/p>\n<p>&nbsp;<\/p>\n<h2 id=\"bearbeitung\">2. Bearbeitung von Personendaten<\/h2>\n<h3 id=\"begriffe\">2.1 Begriffe<\/h3>\n<p><strong>Personendaten<\/strong> sind alle Angaben, die sich auf eine bestimmte oder bestimmbare Person beziehen. Eine <strong>betroffene Person<\/strong> ist eine Person, \u00fcber die Personendaten bearbeitet werden. <strong>Bearbeiten<\/strong> umfasst <em>jeden<\/em> Umgang mit Personendaten, <em>unabh\u00e4ngig<\/em> von den angewandten Mitteln und Verfahren, insbesondere das Aufbewahren, Bekanntgeben, Beschaffen, Erheben, L\u00f6schen, Speichern, Ver\u00e4ndern, Vernichten und Verwenden von Personendaten.<\/p>\n<h3 id=\"rechtsgrundlagen\">2.2 Rechtsgrundlagen<\/h3>\n<p>Wir bearbeiten Personendaten im Einklang mit dem schweizerischen Datenschutzrecht wie insbesondere dem <a id=\"11608\" href=\"https:\/\/www.admin.ch\/opc\/de\/classified-compilation\/19920153\/index.html\">Bundesgesetz \u00fcber den Datenschutz<\/a> (DSG) und der <a href=\"https:\/\/www.admin.ch\/opc\/de\/classified-compilation\/19930159\/index.html\">Verordnung zum Bundesgesetz \u00fcber den Datenschutz<\/a> (VDSG).<\/p>\n<h3 id=\"art-umfang-zweck\">2.3 Art, Umfang und Zweck<\/h3>\n<p>Wir bearbeiten jene Personendaten, die <strong>erforderlich<\/strong> sind, um unser Online-Angebot dauerhaft, nutzerfreundlich, sicher und zuverl\u00e4ssig bereitstellen zu k\u00f6nnen. Solche Personendaten k\u00f6nnen in die Kategorien von Bestandes- und Kontaktdaten, Inhaltsdaten, Meta- beziehungsweise Randdaten sowie Nutzungsdaten, Standortdaten, Vertragsdaten und Zahlungsdaten fallen.<\/p>\n<p>Wir bearbeiten Personendaten w\u00e4hrend jener <strong>Dauer<\/strong>, die f\u00fcr den jeweiligen Zweck beziehungsweise die jeweiligen Zwecke oder gesetzlich erforderlich ist. Personendaten, deren Bearbeitung nicht mehr erforderlich ist, werden anonymisiert oder gel\u00f6scht.<\/p>\n<p>Wir bearbeiten Personendaten <em>grunds\u00e4tzlich<\/em> nur nach Einwilligung der betroffenen Person, es sei denn, die Bearbeitung ist aus anderen rechtlichen Gr\u00fcnden zul\u00e4ssig, beispielsweise zur Erf\u00fcllung eines Vertrages mit der betroffenen Person und f\u00fcr entsprechende vorvertragliche Massnahmen, um unsere \u00fcberwiegenden berechtigten Interessen zu wahren, weil die Bearbeitung aus den Umst\u00e4nden ersichtlich ist oder nach vorg\u00e4ngiger Information.<\/p>\n<p>In diesem Rahmen bearbeiten wir insbesondere Angaben, die eine betroffene Person bei der Kontaktaufnahme \u2013 beispielsweise per Briefpost, E-Mail, Kontaktformular, Social Media oder Telefon \u2013 oder bei der Registrierung f\u00fcr ein Nutzerkonto <em>freiwillig und selbst<\/em> an uns \u00fcbermittelt. Wir k\u00f6nnen solche Angaben beispielsweise in einem Adressbuch, in einem Customer Relationship Management-System (CRM-System) oder mit vergleichbaren Hilfsmitteln speichern. Sofern Sie Personendaten \u00fcber Dritte an uns \u00fcbermitteln, sind Sie verpflichtet, den Datenschutz gegen\u00fcber solchen Dritten zu gew\u00e4hrleisten sowie die Richtigkeit solcher Personendaten sicherzustellen.<\/p>\n<p>Wir bearbeiten ausserdem Personendaten, die wir von Dritten erhalten, aus \u00f6ffentlich zug\u00e4nglichen Quellen beschaffen oder bei der Bereitstellung unseres Online-Angebotes erheben, sofern und soweit eine solche Bearbeitung aus rechtlichen Gr\u00fcnden zul\u00e4ssig ist.<\/p>\n<h3 id=\"dritte\">2.4 Bearbeitung von Personendaten durch Dritte, auch im Ausland<\/h3>\n<p>Wir k\u00f6nnen Personendaten durch Dritte wie insbesondere Auftragsbearbeiter bearbeiten lassen oder gemeinsam mit Dritten sowie mit Hilfe von Dritten bearbeiten oder an Dritte \u00fcbermitteln. Bei solchen Dritten handelt es sich insbesondere um Anbieter, deren Leistungen wir in Anspruch nehmen. Wir gew\u00e4hrleisten auch bei solchen Dritten einen angemessenen Datenschutz.<\/p>\n<p>Solche Dritte befinden sich <em>grunds\u00e4tzlich<\/em> in der Schweiz sowie im Europ\u00e4ischen Wirtschaftsraum (EWR) einschliesslich Europ\u00e4ischer Union (EU) und F\u00fcrstentum Liechtenstein. Solche Dritte k\u00f6nnen sich aber auch in sonstigen Staaten auf der Erde und anderswo im Universum befinden, sofern deren Datenschutzrecht nach <a href=\"https:\/\/www.edoeb.admin.ch\/edoeb\/de\/home\/datenschutz\/handel-und-wirtschaft\/uebermittlung-ins-ausland.html\">Einsch\u00e4tzung des Eidgen\u00f6ssischen Datenschutz- und \u00d6ffentlichkeitsbeauftragten<\/a> (ED\u00d6B) einen angemessenen Datenschutz gew\u00e4hrleistet, oder wenn aus anderen Gr\u00fcnden, wie beispielsweise durch eine entsprechende vertragliche Vereinbarung, insbesondere auf Grundlage von Standardvertragsklauseln, oder durch eine entsprechende Zertifizierung, ein angemessener Datenschutz gew\u00e4hrleistet ist. Bei Dritten in den Vereinigten Staaten von Amerika (USA) kann die Zertifizierung gem\u00e4ss dem Privacy Shield einen angemessenen Datenschutz gew\u00e4hrleisten. Ausnahmsweise kann sich ein solcher Dritter in einem Land ohne angemessenen Datenschutz befinden, sofern daf\u00fcr die datenschutzrechtlichen Voraussetzungen, wie beispielsweise die ausdr\u00fcckliche Einwilligung der betroffenen Person, erf\u00fcllt werden.<\/p>\n<h2 id=\"rechte\">3. Rechte von betroffenen Personen<\/h2>\n<p>Betroffene Personen, deren Personendaten wir bearbeiten, verf\u00fcgen \u00fcber die Rechte gem\u00e4ss schweizerischem Datenschutzrecht. Dazu z\u00e4hlen das Recht auf Auskunft sowie das Recht auf Berichtigung, L\u00f6schung oder Sperrung der bearbeiteten Personendaten.<\/p>\n<p>Betroffene Personen, deren Personendaten wir bearbeiten, verf\u00fcgen \u00fcber ein Beschwerderecht bei einer zust\u00e4ndigen Aufsichtsbeh\u00f6rde. Aufsichtsbeh\u00f6rde f\u00fcr den Datenschutz in der Schweiz ist der <a href=\"https:\/\/www.edoeb.admin.ch\/\">Eidgen\u00f6ssische Datenschutz- und \u00d6ffentlichkeitsbeauftragte<\/a> (ED\u00d6B).<\/p>\n<h2 id=\"sicherheit\">4. Datensicherheit<\/h2>\n<p>Wir treffen angemessene sowie geeignete technische und organisatorische Massnahmen, um den Datenschutz und insbesondere die Datensicherheit zu gew\u00e4hrleisten. Allerdings kann die Bearbeitung von Personendaten im Internet trotz solchen Massnahmen immer Sicherheitsl\u00fccken aufweisen. Wir k\u00f6nnen deshalb keine absolute Datensicherheit gew\u00e4hrleisten.<\/p>\n<p>Der Zugriff auf unser Online-Angebot erfolgt mittels Transportverschl\u00fcsselung (SSL \/ TLS mit HTTPS).<\/p>\n<h2 id=\"website\">5. Nutzung der Website<\/h2>\n<h3 id=\"cookies\">5.1 Cookies<\/h3>\n<p>Wir k\u00f6nnen Cookies f\u00fcr unsere Website verwenden. Bei Cookies \u2013 auch von Dritten, deren Dienste wir nutzen (Cookies von Dritten beziehungsweise Third-Party Cookies) \u2013 handelt es sich um Daten in Textform, die in Ihrem Browser gespeichert werden. Cookies k\u00f6nnen keine Programme ausf\u00fchren oder Schadsoftware wie Trojaner und Viren \u00fcbertragen.<\/p>\n<p>Cookies k\u00f6nnen beim Besuch unserer Website in Ihrem Browser tempor\u00e4r als \u00abSession Cookies\u00bb oder f\u00fcr einen bestimmten Zeitraum als sogenannt permanente Cookies gespeichert werden. \u00abSession Cookies\u00bb werden automatisch gel\u00f6scht, wenn Sie Ihren Browser schliessen. Permanente Cookies erm\u00f6glichen insbesondere, Ihren Browser beim n\u00e4chsten Besuch unserer Website wiederzuerkennen und dadurch beispielsweise die Reichweite unserer Website zu messen. Permanente Cookies k\u00f6nnen aber beispielsweise auch f\u00fcr Online-Marketing verwendet werden.<\/p>\n<p>Sie k\u00f6nnen Cookies in Ihren Browser-Einstellungen jederzeit ganz oder teilweise deaktivieren sowie l\u00f6schen. Ohne Cookies steht unser Online-Angebot allenfalls nicht mehr in vollem Umfang zur Verf\u00fcgung. Wir ersuchen Sie \u2013 sofern und soweit erforderlich \u2013 um Ihre Einwilligung f\u00fcr die Verwendung von Cookies.<\/p>\n<p>Bei Cookies, die f\u00fcr die Erfolgs- und Reichweitenmessung oder f\u00fcr Werbung verwendet werden, ist f\u00fcr zahlreiche Dienste ein allgemeiner Widerspruch (\u00abOpt-out\u00bb) \u00fcber die <a href=\"https:\/\/optout.networkadvertising.org\/\">Network Advertising Initiative<\/a> (NAI), <a href=\"https:\/\/optout.aboutads.info\/\">YourAdChoices<\/a> (Digital Advertising Alliance) oder <a href=\"https:\/\/www.youronlinechoices.com\/ch-de\/praferenzmanagement\">Your Online Choices<\/a> (European Interactive Digital Advertising Alliance, EDAA) m\u00f6glich.<\/p>\n<h3 id=\"logdateien\">5.2 Server-Logdateien<\/h3>\n<p>Wir k\u00f6nnen f\u00fcr jeden Zugriff auf unsere Website nachfolgende Angaben erfassen, sofern diese von Ihrem Browser an unsere Server-Infrastruktur \u00fcbermittelt werden oder von unserem Webserver ermittelt werden k\u00f6nnen: Datum und Zeit einschliesslich Zeitzone, Internet Protocol (IP)-Adresse, Zugriffsstatus (HTTP-Statuscode), Betriebssystem einschliesslich Benutzeroberfl\u00e4che und Version, Browser einschliesslich Sprache und Version, aufgerufene einzelne Seite unserer Website einschliesslich \u00fcbertragener Datenmenge, zuletzt im gleichen Browser-Fenster aufgerufene Webseite (Referer beziehungsweise Referrer).<\/p>\n<p>Wir speichern solche Angaben, die auch Personendaten darstellen k\u00f6nnen, in Server-Logdateien. Die Angaben sind erforderlich, um unser Online-Angebot dauerhaft, nutzerfreundlich und zuverl\u00e4ssig bereitstellen sowie um die Datensicherheit und damit insbesondere den Schutz von Personendaten sicherstellen zu k\u00f6nnen \u2013 auch durch Dritte oder mit Hilfe von Dritten.<\/p>\n<h3 id=\"zaehlpixel\">5.3 Z\u00e4hlpixel<\/h3>\n<p>Wir k\u00f6nnen Z\u00e4hlpixel auf unserer Website verwenden. Z\u00e4hlpixel werden auch als Web-Beacons bezeichnet. Bei Z\u00e4hlpixeln \u2013 auch von Dritten, deren Dienste wir nutzen \u2013 handelt es sich um kleine Bilder, die beim Besuch unserer Website abgerufen werden. Mit Z\u00e4hlpixeln k\u00f6nnen die gleichen Angaben wie in Server-Logdateien erfasst werden.<\/p>\n<h2 id=\"newsletter\">6. Benachrichtigungen und Mitteilungen<\/h2>\n<p>Wir k\u00f6nnen Benachrichtigungen und Mitteilungen wie beispielsweise Newsletter per E-Mail und \u00fcber andere Kommunikationskan\u00e4le wie beispielsweise Instant Messaging versenden.<\/p>\n<h3 id=\"newsletter-messung\">6.1 Erfolgsmessung- und Reichweitenmessung<\/h3>\n<p>Benachrichtigungen und Mitteilungen k\u00f6nnen Weblinks oder Z\u00e4hlpixel enthalten, die erfassen, ob eine einzelne Mitteilung ge\u00f6ffnet wurde und welche Weblinks dabei angeklickt wurden (Erfolgsmessung). Solche Weblinks und Z\u00e4hlpixel k\u00f6nnen auch die Nutzung von Benachrichtigungen und Mitteilungen personenbezogen erfassen. Wir ben\u00f6tigen diese statistische Erfassung der Nutzung einschliesslich Erfolgs- und Reichweitenmessung, um Benachrichtigungen und Mitteilungen aufgrund der Bed\u00fcrfnisse und Lesegewohnheiten der Empf\u00e4ngerinnen und Empf\u00e4nger effektiv und nutzerfreundlich sowie dauerhaft, sicher und zuverl\u00e4ssig anbieten zu k\u00f6nnen.<\/p>\n<h3 id=\"newsletter-einwilligung\">6.2 Einwilligung und Widerspruch<\/h3>\n<p>Sie m\u00fcssen <em>grunds\u00e4tzlich<\/em> in die Verwendung Ihrer E-Mail-Adresse und Ihrer sonstigen Kontaktadressen ausdr\u00fccklich einwilligen, es sei denn, die Verwendung ist aus anderen rechtlichen Gr\u00fcnden zul\u00e4ssig. F\u00fcr eine allf\u00e4llige Einwilligung f\u00fcr den Erhalt von E-Mails verwenden wir \u00abDouble Opt-in\u00bb, das heisst Sie erhalten eine E-Mail mit einem Weblink, den Sie zur Best\u00e4tigung anklicken m\u00fcssen, damit kein Missbrauch durch unberechtigte Dritte erfolgen kann. Wir k\u00f6nnen solche Einwilligungen einschliesslich Internet Protocol (IP)-Adresse sowie Datum und Zeit aus Beweis- und Sicherheitsgr\u00fcnden protokollieren.<\/p>\n<p>Sie k\u00f6nnen sich <em>grunds\u00e4tzlich<\/em> jederzeit von Benachrichtigungen und Mitteilungen wie beispielsweise Newslettern abmelden. Vorbehalten bleiben Benachrichtigungen und Mitteilungen, die f\u00fcr unser Online-Angebot zwingend erforderlich sind. Mit der Abmeldung k\u00f6nnen Sie insbesondere der statistischen Erfassung der Nutzung, unter anderem f\u00fcr die Erfolgs- und Reichweitenmessung, widersprechen.<\/p>\n<h3 id=\"newsletter-dienste\">6.3 Dienstleister f\u00fcr Benachrichtigungen und Mitteilungen<\/h3>\n<p>Wir k\u00f6nnen Benachrichtigungen und Mitteilungen durch Dienstleister versenden lassen oder mit Hilfe von Dienstleistern versenden. Wir gew\u00e4hrleisten auch bei solchen Dienstleistern einen angemessenen Datenschutz.<\/p>\n<h2 id=\"dienste\">7. Dienste von Dritten<\/h2>\n<p>Wir k\u00f6nnen Dienste von Dritten verwenden, um unser Online-Angebot dauerhaft, nutzerfreundlich, sicher und zuverl\u00e4ssig bereitzustellen. Solche Dienste dienen auch dazu, Inhalte in unser Online-Angebot einbetten zu k\u00f6nnen. Solche Dienste \u2013 beispielsweise Hosting- und Speicherdienste, Video-Dienste sowie Zahlungsdienste \u2013 ben\u00f6tigen Ihre Internet Protocol (IP)-Adresse, da solche Dienste die entsprechenden Inhalte ansonsten nicht \u00fcbermitteln k\u00f6nnen. Solche Dienste k\u00f6nnen sich ausserhalb der Schweiz sowie des Europ\u00e4ischen Wirtschaftsraumes (EWR) einschliesslich Europ\u00e4ischer Union (EU) und F\u00fcrstentum Liechtenstein befinden, sofern ein angemessener Datenschutz gew\u00e4hrleistet ist.<\/p>\n<p>F\u00fcr ihre eigenen sicherheitsrelevanten, statistischen und technischen Zwecke k\u00f6nnen Dritte, deren Dienste wir nutzen, auch Daten im Zusammenhang mit unserem Online-Angebot sowie aus anderen Quellen aggregiert, anonymisiert oder pseudonymisiert \u2013 unter anderem mit Cookies, Logdateien und Z\u00e4hlpixeln \u2013 bearbeiten. Solche Daten werden nicht verwendet, um direkt an betroffene Personen im Zusammenhang mit unserem Online-Angebot zu gelangen.<\/p>\n<h3 id=\"zahlungen\">7.1 Zahlungen<\/h3>\n<p>Wir verwenden Zahlungsdienstleister, um Zahlungen unserer Kundinnen und Kunden sicher und zuverl\u00e4ssig abwickeln zu k\u00f6nnen. Wir verwenden nur Zahlungsdienstleister, bei denen ein angemessener Datenschutz gew\u00e4hrleistet ist. F\u00fcr die Abwicklung gelten jeweils die Bedingungen der betreffenden Zahlungsdienstleister wie beispielsweise Allgemeine Gesch\u00e4ftsbedingungen (AGB) oder Datenschutzerkl\u00e4rungen.<\/p>\n<h3 id=\"analytics\">7.2 Erfolgs- und Reichweitenmessung<\/h3>\n<h4 id=\"google-analytics\">7.2.1 Google Analytics<\/h4>\n<p>Wir verwenden <strong>Google Analytics<\/strong>, um zu analysieren, wie unsere Website genutzt wird, wobei wir beispielsweise auch die Reichweite unser Website und den Erfolg von Verlinkungen Dritter auf unsere Website messen k\u00f6nnen. Es handelt sich um einen Dienst der amerikanischen Google LLC. F\u00fcr Nutzerinnen und Nutzer im Europ\u00e4ischen Wirtschaftsraum (EWR) und in der Schweiz ist die irische <a href=\"https:\/\/www.blog.google\/around-the-globe\/google-europe\/some-changes-our-service-model-europe\/\">Google Ireland Limited<\/a> verantwortlich.<\/p>\n<p>Google versucht einzelne Besucherinnen und Besucher unserer Website auch zu erfassen, wenn sie verschiedene Browser oder Ger\u00e4te nutzen <strong>(Cross-Device Tracking)<\/strong>. Dabei kommen auch Cookies zum Einsatz. F\u00fcr Google Analytics wird Ihre Internet Protocol (IP)-Adresse ben\u00f6tigt, die aber nicht mit anderen Daten von Google zusammengef\u00fchrt wird.<\/p>\n<p>In jedem Fall lassen wir Ihre Internet Protocol (IP)-Adresse vor der Analyse durch Google anonymisieren. Im Ergebnis wird Ihre vollst\u00e4ndige IP-Adresse <em>grunds\u00e4tzlich<\/em> nicht an Google in den USA \u00fcbertragen.<\/p>\n<p>Weitere Angaben \u00fcber Art, Umfang und Zweck der Datenbearbeitung finden sich in den <a href=\"https:\/\/safety.google\/principles\/?hl=de\">Grunds\u00e4tzen f\u00fcr Datenschutz und Sicherheit<\/a> und in der <a href=\"https:\/\/policies.google.com\/privacy?hl=de\">Datenschutzerkl\u00e4rung<\/a> jeweils von Google, im <a href=\"https:\/\/policies.google.com\/technologies\/product-privacy?hl=de\">Leitfaden zum Datenschutz in Google-Produkten<\/a> (einschliesslich Google Analytics), in den <a href=\"https:\/\/policies.google.com\/technologies\/partner-sites?hl=de\">Informationen, wie Google Daten von Websites verwendet, auf denen Google-Dienste genutzt werden<\/a> und in den <a href=\"https:\/\/policies.google.com\/technologies\/cookies?hl=de\">Informationen \u00fcber Cookies bei Google<\/a>. Ausserdem besteht die M\u00f6glichkeit, das <a href=\"https:\/\/tools.google.com\/dlpage\/gaoptout\">\u00abBrowser Add-on zur Deaktivierung von Google Analytics\u00bb<\/a> zu verwenden sowie <a href=\"https:\/\/adssettings.google.com\/\">Widerspruch gegen personalisierte Werbung<\/a> zu erheben.<\/p>\n<h4 id=\"google-tag-manager\">7.2.2 Google Tag Manager<\/h4>\n<p>Wir verwenden den <strong>Google Tag Manager<\/strong>, um Dienste f\u00fcr Analytics oder Werbung von Google als auch von Dritten in unsere Website einbinden und verwalten zu k\u00f6nnen. Es handelt sich um einen Dienst der amerikanischen Google LLC. F\u00fcr Nutzerinnen und Nutzer im Europ\u00e4ischen Wirtschaftsraum (EWR) und in der Schweiz ist die irische <a href=\"https:\/\/www.blog.google\/around-the-globe\/google-europe\/some-changes-our-service-model-europe\/\">Google Ireland Limited<\/a> verantwortlich. Dabei kommen <em>keine<\/em> Cookies zum Einsatz, doch k\u00f6nnen Cookies im Rahmen der damit eingebundenen und verwalteten Dienste zum Einsatz kommen. Wir informieren \u00fcber die Bearbeitung von Personendaten durch solche Dienste in der vorliegenden Datenschutzerkl\u00e4rung.<\/p>\n<h2 id=\"schlussbestimmungen\">8. Schlussbestimmungen<\/h2>\n<p>Wir k\u00f6nnen diese Datenschutzerkl\u00e4rung jederzeit anpassen und erg\u00e4nzen. Wir werden \u00fcber solche Anpassungen und Erg\u00e4nzungen in geeigneter Form informieren, insbesondere durch Ver\u00f6ffentlichung der jeweils aktuellen Datenschutzerkl\u00e4rung auf unserer Website.<\/p>\n<div><\/div>\n<div><\/div>\n","protected":false},"excerpt":{"rendered":"<p>Datenschutzerkl\u00e4rung Mit dieser Datenschutzerkl\u00e4rung informieren wir \u00fcber die Bearbeitung von Personendaten im Zusammenhang mit unserer hsmechanik.ch-Website und unserem sonstigen Online-Angebot. F\u00fcr einzelne oder zus\u00e4tzliche Angebote und Leistungen k\u00f6nnen besondere, erg\u00e4nzende oder weitere Datenschutzerkl\u00e4rungen sowie sonstige rechtliche Dokumente wie Allgemeine Gesch\u00e4ftsbedingungen (AGB), Nutzungsbedingungen oder Teilnahmebedingungen bestehen. 1. Kontaktadressen Verantwortung f\u00fcr das Online-Angebot: hs mechanik ag Beierhalden [&hellip;]<\/p>\n","protected":false},"author":1,"featured_media":0,"parent":0,"menu_order":0,"comment_status":"closed","ping_status":"open","template":"","meta":{"footnotes":""},"class_list":["post-3","page","type-page","status-publish","hentry","post"],"yoast_head":"<!-- This site is optimized with the Yoast SEO plugin v27.2 - https:\/\/yoast.com\/product\/yoast-seo-wordpress\/ -->\n<title>Privacy Policy - HS-Mechanik<\/title>\n<meta name=\"robots\" content=\"index, follow, max-snippet:-1, max-image-preview:large, max-video-preview:-1\" \/>\n<link rel=\"canonical\" href=\"https:\/\/hsmechanik.ch\/index.php\/privacy-policy\/\" \/>\n<meta property=\"og:locale\" content=\"de_DE\" \/>\n<meta property=\"og:type\" content=\"article\" \/>\n<meta property=\"og:title\" content=\"Privacy Policy - HS-Mechanik\" \/>\n<meta property=\"og:description\" content=\"Datenschutzerkl\u00e4rung Mit dieser Datenschutzerkl\u00e4rung informieren wir \u00fcber die Bearbeitung von Personendaten im Zusammenhang mit unserer hsmechanik.ch-Website und unserem sonstigen Online-Angebot. F\u00fcr einzelne oder zus\u00e4tzliche Angebote und Leistungen k\u00f6nnen besondere, erg\u00e4nzende oder weitere Datenschutzerkl\u00e4rungen sowie sonstige rechtliche Dokumente wie Allgemeine Gesch\u00e4ftsbedingungen (AGB), Nutzungsbedingungen oder Teilnahmebedingungen bestehen. 1. Kontaktadressen Verantwortung f\u00fcr das Online-Angebot: hs mechanik ag Beierhalden [&hellip;]\" \/>\n<meta property=\"og:url\" content=\"https:\/\/hsmechanik.ch\/index.php\/privacy-policy\/\" \/>\n<meta property=\"og:site_name\" content=\"HS-Mechanik\" \/>\n<meta property=\"article:modified_time\" content=\"2026-02-19T06:35:07+00:00\" \/>\n<meta name=\"twitter:card\" content=\"summary_large_image\" \/>\n<meta name=\"twitter:label1\" content=\"Gesch\u00e4tzte Lesezeit\" \/>\n\t<meta name=\"twitter:data1\" content=\"11\u00a0Minuten\" \/>\n<script type=\"application\/ld+json\" class=\"yoast-schema-graph\">{\"@context\":\"https:\/\/schema.org\",\"@graph\":[{\"@type\":\"WebPage\",\"@id\":\"https:\/\/hsmechanik.ch\/index.php\/privacy-policy\/\",\"url\":\"https:\/\/hsmechanik.ch\/index.php\/privacy-policy\/\",\"name\":\"Privacy Policy - HS-Mechanik\",\"isPartOf\":{\"@id\":\"https:\/\/hsmechanik.ch\/#website\"},\"datePublished\":\"2020-10-20T07:14:26+00:00\",\"dateModified\":\"2026-02-19T06:35:07+00:00\",\"breadcrumb\":{\"@id\":\"https:\/\/hsmechanik.ch\/index.php\/privacy-policy\/#breadcrumb\"},\"inLanguage\":\"de\",\"potentialAction\":[{\"@type\":\"ReadAction\",\"target\":[\"https:\/\/hsmechanik.ch\/index.php\/privacy-policy\/\"]}]},{\"@type\":\"BreadcrumbList\",\"@id\":\"https:\/\/hsmechanik.ch\/index.php\/privacy-policy\/#breadcrumb\",\"itemListElement\":[{\"@type\":\"ListItem\",\"position\":1,\"name\":\"Home\",\"item\":\"https:\/\/hsmechanik.ch\/\"},{\"@type\":\"ListItem\",\"position\":2,\"name\":\"Privacy Policy\"}]},{\"@type\":\"WebSite\",\"@id\":\"https:\/\/hsmechanik.ch\/#website\",\"url\":\"https:\/\/hsmechanik.ch\/\",\"name\":\"HS-Mechanik\",\"description\":\"Unsere Leidenschaft f\u00fcr Maschinen und Mechanik\",\"publisher\":{\"@id\":\"https:\/\/hsmechanik.ch\/#organization\"},\"potentialAction\":[{\"@type\":\"SearchAction\",\"target\":{\"@type\":\"EntryPoint\",\"urlTemplate\":\"https:\/\/hsmechanik.ch\/?s={search_term_string}\"},\"query-input\":{\"@type\":\"PropertyValueSpecification\",\"valueRequired\":true,\"valueName\":\"search_term_string\"}}],\"inLanguage\":\"de\"},{\"@type\":\"Organization\",\"@id\":\"https:\/\/hsmechanik.ch\/#organization\",\"name\":\"HS Mechanik AG\",\"url\":\"https:\/\/hsmechanik.ch\/\",\"logo\":{\"@type\":\"ImageObject\",\"inLanguage\":\"de\",\"@id\":\"https:\/\/hsmechanik.ch\/#\/schema\/logo\/image\/\",\"url\":\"https:\/\/hsmechanik.ch\/wp-content\/uploads\/2020\/10\/logo-webseite.png\",\"contentUrl\":\"https:\/\/hsmechanik.ch\/wp-content\/uploads\/2020\/10\/logo-webseite.png\",\"width\":461,\"height\":111,\"caption\":\"HS Mechanik AG\"},\"image\":{\"@id\":\"https:\/\/hsmechanik.ch\/#\/schema\/logo\/image\/\"}}]}<\/script>\n<!-- \/ Yoast SEO plugin. -->","yoast_head_json":{"title":"Privacy Policy - HS-Mechanik","robots":{"index":"index","follow":"follow","max-snippet":"max-snippet:-1","max-image-preview":"max-image-preview:large","max-video-preview":"max-video-preview:-1"},"canonical":"https:\/\/hsmechanik.ch\/index.php\/privacy-policy\/","og_locale":"de_DE","og_type":"article","og_title":"Privacy Policy - HS-Mechanik","og_description":"Datenschutzerkl\u00e4rung Mit dieser Datenschutzerkl\u00e4rung informieren wir \u00fcber die Bearbeitung von Personendaten im Zusammenhang mit unserer hsmechanik.ch-Website und unserem sonstigen Online-Angebot. F\u00fcr einzelne oder zus\u00e4tzliche Angebote und Leistungen k\u00f6nnen besondere, erg\u00e4nzende oder weitere Datenschutzerkl\u00e4rungen sowie sonstige rechtliche Dokumente wie Allgemeine Gesch\u00e4ftsbedingungen (AGB), Nutzungsbedingungen oder Teilnahmebedingungen bestehen. 1. Kontaktadressen Verantwortung f\u00fcr das Online-Angebot: hs mechanik ag Beierhalden [&hellip;]","og_url":"https:\/\/hsmechanik.ch\/index.php\/privacy-policy\/","og_site_name":"HS-Mechanik","article_modified_time":"2026-02-19T06:35:07+00:00","twitter_card":"summary_large_image","twitter_misc":{"Gesch\u00e4tzte Lesezeit":"11\u00a0Minuten"},"schema":{"@context":"https:\/\/schema.org","@graph":[{"@type":"WebPage","@id":"https:\/\/hsmechanik.ch\/index.php\/privacy-policy\/","url":"https:\/\/hsmechanik.ch\/index.php\/privacy-policy\/","name":"Privacy Policy - HS-Mechanik","isPartOf":{"@id":"https:\/\/hsmechanik.ch\/#website"},"datePublished":"2020-10-20T07:14:26+00:00","dateModified":"2026-02-19T06:35:07+00:00","breadcrumb":{"@id":"https:\/\/hsmechanik.ch\/index.php\/privacy-policy\/#breadcrumb"},"inLanguage":"de","potentialAction":[{"@type":"ReadAction","target":["https:\/\/hsmechanik.ch\/index.php\/privacy-policy\/"]}]},{"@type":"BreadcrumbList","@id":"https:\/\/hsmechanik.ch\/index.php\/privacy-policy\/#breadcrumb","itemListElement":[{"@type":"ListItem","position":1,"name":"Home","item":"https:\/\/hsmechanik.ch\/"},{"@type":"ListItem","position":2,"name":"Privacy Policy"}]},{"@type":"WebSite","@id":"https:\/\/hsmechanik.ch\/#website","url":"https:\/\/hsmechanik.ch\/","name":"HS-Mechanik","description":"Unsere Leidenschaft f\u00fcr Maschinen und Mechanik","publisher":{"@id":"https:\/\/hsmechanik.ch\/#organization"},"potentialAction":[{"@type":"SearchAction","target":{"@type":"EntryPoint","urlTemplate":"https:\/\/hsmechanik.ch\/?s={search_term_string}"},"query-input":{"@type":"PropertyValueSpecification","valueRequired":true,"valueName":"search_term_string"}}],"inLanguage":"de"},{"@type":"Organization","@id":"https:\/\/hsmechanik.ch\/#organization","name":"HS Mechanik AG","url":"https:\/\/hsmechanik.ch\/","logo":{"@type":"ImageObject","inLanguage":"de","@id":"https:\/\/hsmechanik.ch\/#\/schema\/logo\/image\/","url":"https:\/\/hsmechanik.ch\/wp-content\/uploads\/2020\/10\/logo-webseite.png","contentUrl":"https:\/\/hsmechanik.ch\/wp-content\/uploads\/2020\/10\/logo-webseite.png","width":461,"height":111,"caption":"HS Mechanik AG"},"image":{"@id":"https:\/\/hsmechanik.ch\/#\/schema\/logo\/image\/"}}]}},"_links":{"self":[{"href":"https:\/\/hsmechanik.ch\/index.php\/wp-json\/wp\/v2\/pages\/3","targetHints":{"allow":["GET"]}}],"collection":[{"href":"https:\/\/hsmechanik.ch\/index.php\/wp-json\/wp\/v2\/pages"}],"about":[{"href":"https:\/\/hsmechanik.ch\/index.php\/wp-json\/wp\/v2\/types\/page"}],"author":[{"embeddable":true,"href":"https:\/\/hsmechanik.ch\/index.php\/wp-json\/wp\/v2\/users\/1"}],"replies":[{"embeddable":true,"href":"https:\/\/hsmechanik.ch\/index.php\/wp-json\/wp\/v2\/comments?post=3"}],"version-history":[{"count":3,"href":"https:\/\/hsmechanik.ch\/index.php\/wp-json\/wp\/v2\/pages\/3\/revisions"}],"predecessor-version":[{"id":923,"href":"https:\/\/hsmechanik.ch\/index.php\/wp-json\/wp\/v2\/pages\/3\/revisions\/923"}],"wp:attachment":[{"href":"https:\/\/hsmechanik.ch\/index.php\/wp-json\/wp\/v2\/media?parent=3"}],"curies":[{"name":"wp","href":"https:\/\/api.w.org\/{rel}","templated":true}]}}