{"id":138,"date":"2020-10-23T12:24:30","date_gmt":"2020-10-23T12:24:30","guid":{"rendered":"https:\/\/hsmechanik.ch\/?page_id=138"},"modified":"2024-01-02T13:38:12","modified_gmt":"2024-01-02T13:38:12","slug":"reparaturen-und-service-kleingeraete","status":"publish","type":"page","link":"https:\/\/hsmechanik.ch\/index.php\/reparaturen-und-service-kleingeraete\/","title":{"rendered":"Reparaturen und Service Kleinger\u00e4te"},"content":{"rendered":"<div id=\"pl-138\"  class=\"panel-layout\" ><div id=\"pg-138-0\"  class=\"panel-grid panel-no-style\" ><div id=\"pgc-138-0-0\"  class=\"panel-grid-cell\" ><div id=\"panel-138-0-0-0\" class=\"so-panel widget widget_sow-editor panel-first-child panel-last-child\" data-index=\"0\" ><div\n\t\t\t\n\t\t\tclass=\"so-widget-sow-editor so-widget-sow-editor-base\"\n\t\t\t\n\t\t>\n<div class=\"siteorigin-widget-tinymce textwidget\">\n\t<p>Reparaturen und Service an Motorger\u00e4ten f\u00fcr Garten, Forst und Kommunal<\/p>\n<p>Wartung und Pflege<\/p>\n<p>Service, Wartung und Installationen von M\u00e4hroboter \/ Automower<\/p>\n<p>Sch\u00e4rfdienst Motors\u00e4genketten, Heckenschere, ...<\/p>\n<\/div>\n<\/div><\/div><\/div><\/div><div id=\"pg-138-1\"  class=\"panel-grid panel-no-style\" ><div id=\"pgc-138-1-0\"  class=\"panel-grid-cell\" ><div id=\"panel-138-1-0-0\" class=\"so-panel widget widget_media_image panel-first-child panel-last-child\" data-index=\"1\" ><img loading=\"lazy\" decoding=\"async\" width=\"300\" height=\"202\" src=\"https:\/\/hsmechanik.ch\/wp-content\/uploads\/2020\/11\/Kleingeraeteservice-300x202.jpg\" class=\"image wp-image-653  attachment-medium size-medium\" alt=\"\" style=\"max-width: 100%; height: auto;\" srcset=\"https:\/\/hsmechanik.ch\/wp-content\/uploads\/2020\/11\/Kleingeraeteservice-300x202.jpg 300w, https:\/\/hsmechanik.ch\/wp-content\/uploads\/2020\/11\/Kleingeraeteservice-272x182.jpg 272w, https:\/\/hsmechanik.ch\/wp-content\/uploads\/2020\/11\/Kleingeraeteservice.jpg 600w\" sizes=\"auto, (max-width: 300px) 100vw, 300px\" \/><\/div><\/div><div id=\"pgc-138-1-1\"  class=\"panel-grid-cell\" ><div id=\"panel-138-1-1-0\" class=\"so-panel widget widget_media_image panel-first-child panel-last-child\" data-index=\"2\" ><img loading=\"lazy\" decoding=\"async\" width=\"300\" height=\"202\" src=\"https:\/\/hsmechanik.ch\/wp-content\/uploads\/2020\/11\/Reparaturen-von-Motorsaegen-300x202.jpg\" class=\"image wp-image-716  attachment-medium size-medium\" alt=\"\" style=\"max-width: 100%; height: auto;\" srcset=\"https:\/\/hsmechanik.ch\/wp-content\/uploads\/2020\/11\/Reparaturen-von-Motorsaegen-300x202.jpg 300w, https:\/\/hsmechanik.ch\/wp-content\/uploads\/2020\/11\/Reparaturen-von-Motorsaegen-272x182.jpg 272w, https:\/\/hsmechanik.ch\/wp-content\/uploads\/2020\/11\/Reparaturen-von-Motorsaegen.jpg 600w\" sizes=\"auto, (max-width: 300px) 100vw, 300px\" \/><\/div><\/div><div id=\"pgc-138-1-2\"  class=\"panel-grid-cell panel-grid-cell-mobile-last\" ><div id=\"panel-138-1-2-0\" class=\"so-panel widget widget_media_image panel-first-child panel-last-child\" data-index=\"3\" ><img loading=\"lazy\" decoding=\"async\" width=\"300\" height=\"202\" src=\"https:\/\/hsmechanik.ch\/wp-content\/uploads\/2020\/11\/Reparatur-von-Motorkettensaegen-300x202.jpg\" class=\"image wp-image-717  attachment-medium size-medium\" alt=\"\" style=\"max-width: 100%; height: auto;\" srcset=\"https:\/\/hsmechanik.ch\/wp-content\/uploads\/2020\/11\/Reparatur-von-Motorkettensaegen-300x202.jpg 300w, https:\/\/hsmechanik.ch\/wp-content\/uploads\/2020\/11\/Reparatur-von-Motorkettensaegen-272x182.jpg 272w, https:\/\/hsmechanik.ch\/wp-content\/uploads\/2020\/11\/Reparatur-von-Motorkettensaegen.jpg 600w\" sizes=\"auto, (max-width: 300px) 100vw, 300px\" \/><\/div><\/div><div id=\"pgc-138-1-3\"  class=\"panel-grid-cell panel-grid-cell-empty\" ><\/div><\/div><\/div>","protected":false},"excerpt":{"rendered":"<p>Reparaturen und Service an Motorger\u00e4ten f\u00fcr Garten, Forst und Kommunal Wartung und Pflege Service, Wartung und Installationen von M\u00e4hroboter \/ Automower Sch\u00e4rfdienst Motors\u00e4genketten, Heckenschere, &#8230;<\/p>\n","protected":false},"author":2,"featured_media":0,"parent":0,"menu_order":0,"comment_status":"closed","ping_status":"closed","template":"","meta":{"footnotes":""},"class_list":["post-138","page","type-page","status-publish","hentry","post"],"yoast_head":"<!-- This site is optimized with the Yoast SEO plugin v27.2 - https:\/\/yoast.com\/product\/yoast-seo-wordpress\/ -->\n<title>Reparaturen und Service Kleinger\u00e4te - HS-Mechanik<\/title>\n<meta name=\"robots\" content=\"index, follow, max-snippet:-1, max-image-preview:large, max-video-preview:-1\" \/>\n<link rel=\"canonical\" href=\"https:\/\/hsmechanik.ch\/index.php\/reparaturen-und-service-kleingeraete\/\" \/>\n<meta property=\"og:locale\" content=\"de_DE\" \/>\n<meta property=\"og:type\" content=\"article\" \/>\n<meta property=\"og:title\" content=\"Reparaturen und Service Kleinger\u00e4te - HS-Mechanik\" \/>\n<meta property=\"og:description\" content=\"Reparaturen und Service an Motorger\u00e4ten f\u00fcr Garten, Forst und Kommunal Wartung und Pflege Service, Wartung und Installationen von M\u00e4hroboter \/ Automower Sch\u00e4rfdienst Motors\u00e4genketten, Heckenschere, ...\" \/>\n<meta property=\"og:url\" content=\"https:\/\/hsmechanik.ch\/index.php\/reparaturen-und-service-kleingeraete\/\" \/>\n<meta property=\"og:site_name\" content=\"HS-Mechanik\" \/>\n<meta property=\"article:modified_time\" content=\"2024-01-02T13:38:12+00:00\" \/>\n<meta name=\"twitter:card\" content=\"summary_large_image\" \/>\n<meta name=\"twitter:label1\" content=\"Gesch\u00e4tzte Lesezeit\" \/>\n\t<meta name=\"twitter:data1\" content=\"1\u00a0Minute\" \/>\n<script type=\"application\/ld+json\" class=\"yoast-schema-graph\">{\"@context\":\"https:\/\/schema.org\",\"@graph\":[{\"@type\":\"WebPage\",\"@id\":\"https:\/\/hsmechanik.ch\/index.php\/reparaturen-und-service-kleingeraete\/\",\"url\":\"https:\/\/hsmechanik.ch\/index.php\/reparaturen-und-service-kleingeraete\/\",\"name\":\"Reparaturen und Service Kleinger\u00e4te - HS-Mechanik\",\"isPartOf\":{\"@id\":\"https:\/\/hsmechanik.ch\/#website\"},\"datePublished\":\"2020-10-23T12:24:30+00:00\",\"dateModified\":\"2024-01-02T13:38:12+00:00\",\"breadcrumb\":{\"@id\":\"https:\/\/hsmechanik.ch\/index.php\/reparaturen-und-service-kleingeraete\/#breadcrumb\"},\"inLanguage\":\"de\",\"potentialAction\":[{\"@type\":\"ReadAction\",\"target\":[\"https:\/\/hsmechanik.ch\/index.php\/reparaturen-und-service-kleingeraete\/\"]}]},{\"@type\":\"BreadcrumbList\",\"@id\":\"https:\/\/hsmechanik.ch\/index.php\/reparaturen-und-service-kleingeraete\/#breadcrumb\",\"itemListElement\":[{\"@type\":\"ListItem\",\"position\":1,\"name\":\"Home\",\"item\":\"https:\/\/hsmechanik.ch\/\"},{\"@type\":\"ListItem\",\"position\":2,\"name\":\"Reparaturen und Service Kleinger\u00e4te\"}]},{\"@type\":\"WebSite\",\"@id\":\"https:\/\/hsmechanik.ch\/#website\",\"url\":\"https:\/\/hsmechanik.ch\/\",\"name\":\"HS-Mechanik\",\"description\":\"Unsere Leidenschaft f\u00fcr Maschinen und Mechanik\",\"publisher\":{\"@id\":\"https:\/\/hsmechanik.ch\/#organization\"},\"potentialAction\":[{\"@type\":\"SearchAction\",\"target\":{\"@type\":\"EntryPoint\",\"urlTemplate\":\"https:\/\/hsmechanik.ch\/?s={search_term_string}\"},\"query-input\":{\"@type\":\"PropertyValueSpecification\",\"valueRequired\":true,\"valueName\":\"search_term_string\"}}],\"inLanguage\":\"de\"},{\"@type\":\"Organization\",\"@id\":\"https:\/\/hsmechanik.ch\/#organization\",\"name\":\"HS Mechanik AG\",\"url\":\"https:\/\/hsmechanik.ch\/\",\"logo\":{\"@type\":\"ImageObject\",\"inLanguage\":\"de\",\"@id\":\"https:\/\/hsmechanik.ch\/#\/schema\/logo\/image\/\",\"url\":\"https:\/\/hsmechanik.ch\/wp-content\/uploads\/2020\/10\/logo-webseite.png\",\"contentUrl\":\"https:\/\/hsmechanik.ch\/wp-content\/uploads\/2020\/10\/logo-webseite.png\",\"width\":461,\"height\":111,\"caption\":\"HS Mechanik AG\"},\"image\":{\"@id\":\"https:\/\/hsmechanik.ch\/#\/schema\/logo\/image\/\"}}]}<\/script>\n<!-- \/ Yoast SEO plugin. -->","yoast_head_json":{"title":"Reparaturen und Service Kleinger\u00e4te - HS-Mechanik","robots":{"index":"index","follow":"follow","max-snippet":"max-snippet:-1","max-image-preview":"max-image-preview:large","max-video-preview":"max-video-preview:-1"},"canonical":"https:\/\/hsmechanik.ch\/index.php\/reparaturen-und-service-kleingeraete\/","og_locale":"de_DE","og_type":"article","og_title":"Reparaturen und Service Kleinger\u00e4te - HS-Mechanik","og_description":"Reparaturen und Service an Motorger\u00e4ten f\u00fcr Garten, Forst und Kommunal Wartung und Pflege Service, Wartung und Installationen von M\u00e4hroboter \/ Automower Sch\u00e4rfdienst Motors\u00e4genketten, Heckenschere, ...","og_url":"https:\/\/hsmechanik.ch\/index.php\/reparaturen-und-service-kleingeraete\/","og_site_name":"HS-Mechanik","article_modified_time":"2024-01-02T13:38:12+00:00","twitter_card":"summary_large_image","twitter_misc":{"Gesch\u00e4tzte Lesezeit":"1\u00a0Minute"},"schema":{"@context":"https:\/\/schema.org","@graph":[{"@type":"WebPage","@id":"https:\/\/hsmechanik.ch\/index.php\/reparaturen-und-service-kleingeraete\/","url":"https:\/\/hsmechanik.ch\/index.php\/reparaturen-und-service-kleingeraete\/","name":"Reparaturen und Service Kleinger\u00e4te - HS-Mechanik","isPartOf":{"@id":"https:\/\/hsmechanik.ch\/#website"},"datePublished":"2020-10-23T12:24:30+00:00","dateModified":"2024-01-02T13:38:12+00:00","breadcrumb":{"@id":"https:\/\/hsmechanik.ch\/index.php\/reparaturen-und-service-kleingeraete\/#breadcrumb"},"inLanguage":"de","potentialAction":[{"@type":"ReadAction","target":["https:\/\/hsmechanik.ch\/index.php\/reparaturen-und-service-kleingeraete\/"]}]},{"@type":"BreadcrumbList","@id":"https:\/\/hsmechanik.ch\/index.php\/reparaturen-und-service-kleingeraete\/#breadcrumb","itemListElement":[{"@type":"ListItem","position":1,"name":"Home","item":"https:\/\/hsmechanik.ch\/"},{"@type":"ListItem","position":2,"name":"Reparaturen und Service Kleinger\u00e4te"}]},{"@type":"WebSite","@id":"https:\/\/hsmechanik.ch\/#website","url":"https:\/\/hsmechanik.ch\/","name":"HS-Mechanik","description":"Unsere Leidenschaft f\u00fcr Maschinen und Mechanik","publisher":{"@id":"https:\/\/hsmechanik.ch\/#organization"},"potentialAction":[{"@type":"SearchAction","target":{"@type":"EntryPoint","urlTemplate":"https:\/\/hsmechanik.ch\/?s={search_term_string}"},"query-input":{"@type":"PropertyValueSpecification","valueRequired":true,"valueName":"search_term_string"}}],"inLanguage":"de"},{"@type":"Organization","@id":"https:\/\/hsmechanik.ch\/#organization","name":"HS Mechanik AG","url":"https:\/\/hsmechanik.ch\/","logo":{"@type":"ImageObject","inLanguage":"de","@id":"https:\/\/hsmechanik.ch\/#\/schema\/logo\/image\/","url":"https:\/\/hsmechanik.ch\/wp-content\/uploads\/2020\/10\/logo-webseite.png","contentUrl":"https:\/\/hsmechanik.ch\/wp-content\/uploads\/2020\/10\/logo-webseite.png","width":461,"height":111,"caption":"HS Mechanik AG"},"image":{"@id":"https:\/\/hsmechanik.ch\/#\/schema\/logo\/image\/"}}]}},"_links":{"self":[{"href":"https:\/\/hsmechanik.ch\/index.php\/wp-json\/wp\/v2\/pages\/138","targetHints":{"allow":["GET"]}}],"collection":[{"href":"https:\/\/hsmechanik.ch\/index.php\/wp-json\/wp\/v2\/pages"}],"about":[{"href":"https:\/\/hsmechanik.ch\/index.php\/wp-json\/wp\/v2\/types\/page"}],"author":[{"embeddable":true,"href":"https:\/\/hsmechanik.ch\/index.php\/wp-json\/wp\/v2\/users\/2"}],"replies":[{"embeddable":true,"href":"https:\/\/hsmechanik.ch\/index.php\/wp-json\/wp\/v2\/comments?post=138"}],"version-history":[{"count":26,"href":"https:\/\/hsmechanik.ch\/index.php\/wp-json\/wp\/v2\/pages\/138\/revisions"}],"predecessor-version":[{"id":901,"href":"https:\/\/hsmechanik.ch\/index.php\/wp-json\/wp\/v2\/pages\/138\/revisions\/901"}],"wp:attachment":[{"href":"https:\/\/hsmechanik.ch\/index.php\/wp-json\/wp\/v2\/media?parent=138"}],"curies":[{"name":"wp","href":"https:\/\/api.w.org\/{rel}","templated":true}]}}